se -3*p - 4 = 2. Suppose 12 = -3*q + q. Let g = p - q. List the prime factors of g.
2
Let b(k) = -9*k - 13. What are the prime factors of b(-6)?
41
Let u be -2 + -1 + 46 - -2. Let t = u + -24. What are the prime factors of t?
3, 7
Let w(b) = b**3 - 4*b**2 + 2*b + 4. Suppose 2*k = -7*h + 4*h - 9, 0 = 3*k + 3*h + 6. Let v be w(k). List the prime factors of (-1)/(-2 + v)*12.
2, 3
Let l be (4/8)/((-1)/(-4)). Suppose l*m + 65 = 7*m. List the prime factors of m.
13
Let z(h) be the first derivative of -h**2 - 4*h - 2. Let l be z(-6). Let u = l - 5. List the prime factors of u.
3
Let t be 3/(1 - (-5)/(-6)). Suppose -t = -4*q + 2. What are the prime factors of q?
5
Let q be ((-5)/5)/((-2)/(-38)). Suppose 3*l = -0*l + 81. Let i = l + q. List the prime factors of i.
2
Let w = -58 - -125. List the prime factors of w.
67
Suppose 0 = s, 5*b + 0*s = 5*s - 5. What are the prime factors of 318/18*(b + 4)?
53
Suppose 3*f = 0, 2*o - f + 3*f = 6. Suppose 33 = s - 0*s. Suppose -o*h + 0*h = -s. What are the prime factors of h?
11
Let x = 2 + 2. Suppose -5*t - a = -30, -2*a = -x*t + 3*a - 5. Let h = t - 2. What are the prime factors of h?
3
Suppose -2*s = 3*z - 170, -3*z + 2*s + 237 - 47 = 0. List the prime factors of z.
2, 3, 5
Suppose -d = -0 - 27. List the prime factors of d.
3
Let o(c) = 0*c + 4 - 2*c + 4*c - c. What are the prime factors of o(7)?
11
Suppose h + 3*f = 20, -h + 2*f = 1 + 4. Let n(w) = 20*w**2 + w + 1. Let k be n(-1). Let i = k - h. What are the prime factors of i?
3, 5
Let n(m) = -m + 36. List the prime factors of n(0).
2, 3
Suppose -u = -6*u + 375. Suppose u = 3*p + 3*m, -3*p + 0*p = -m - 83. List the prime factors of p.
3
Suppose 3*g = 4*w + 331, -5*g = 4*w - 226 - 379. What are the prime factors of g?
3, 13
Let f be (37/(-1))/(-9 + 8). Let z be f/3 - (-18)/27. Suppose z = u + 2. What are the prime factors of u?
11
Let m(y) = -20*y**2 - 9*y - 13. Let q(w) = -5*w**2 - 2*w - 3. Let n(c) = 2*m(c) - 9*q(c). Let s be n(-1). Let b = s - 4. What are the prime factors of b?
2
What are the prime factors of (-2)/10 - 56/(-5)?
11
Suppose -3*j + 0*j = -78. List the prime factors of j.
2, 13
Let u = 551 - 199. List the prime factors of u.
2, 11
Let z(x) = 4*x + 3. Let s be z(10). Suppose -s = -0*r - r. List the prime factors of r.
43
Let q be 22/4 - (-6)/(-4). Suppose q*x - 6 - 70 = 0. List the prime factors of x.
19
Suppose 2*v = -2*z - 14, 4*v - 5*z + 2*z = 7. List the prime factors of 13 + (-4 + v)/3.
11
Suppose 2*k - 50 = 6. List the prime factors of k.
2, 7
Let m = 2 - 2. Suppose -4*z = -m*z. List the prime factors of z + (6 - (-4)/(-2)).
2
Let j(i) = 5*i**2 + 2*i + 12. Let t be j(6). List the prime factors of (-1)/(-2 + 404/t).
3, 17
Let w be 7/2*1*2. Let s = w + 2. List the prime factors of s.
3
Suppose 0 = 20*y - 19*y - 90. List the prime factors of y.
2, 3, 5
Suppose d = p - 4, 7*d - 4*d - 20 = -p. Let j = 15 - p. What are the prime factors of j?
7
Let w be 6/(-10) - 54/(-15). Let p(f) = 6*f**2 - 4*f + 2. Let j be p(w). Suppose -j + 2 = -2*c + 5*g, 2*g = c - 19. List the prime factors of c.
11
Let o(w) = 20*w**2 + 5*w + 1. List the prime factors of o(-4).
7, 43
Let l(s) = 3*s - 1. Let m be l(1). Suppose -m*d + 6 = -4*d - 4*v, -4*d - v = -23. What are the prime factors of d?
7
Let i be -2 - -1 - (-13 + 3). Let j = -5 + i. Suppose 0 = -0*l - j*l + 8. List the prime factors of l.
2
Let n = 184 + -85. What are the prime factors of n?
3, 11
Let v be 2/((2/(-6))/(-1)). Let i be ((-4)/v)/((-1)/(-3)). What are the prime factors of (8/(-10))/(i/10)?
2
Let c = 414 + -246. List the prime factors of c.
2, 3, 7
Suppose 4*p - 5 = 3*p. Suppose -87 = -p*d + 83. What are the prime factors of d?
2, 17
Let j be 1*((-2)/(-2) + 0). What are the prime factors of (-2 - -4)/(j/6)?
2, 3
Let x = 19 + 4. What are the prime factors of x?
23
Suppose -7 = v - 1. Let p be (0 - 2)*9/v. Suppose x + 4*l = -9, 2*x + 6*l + 3 = p*l. What are the prime factors of x?
3
Let s = -205 - -372. List the prime factors of s.
167
Let v = -237 - -154. Let j = -50 - v. Suppose -5 = 4*a - j. What are the prime factors of a?
7
Let t(k) = -8*k - 9. What are the prime factors of t(-6)?
3, 13
Let m be (2 - 0)/((-2)/(-3)). Suppose 28 = -2*j + m*j. List the prime factors of j.
2, 7
Suppose 4*r + 14 = -62. Let v = -5 - r. List the prime factors of v.
2, 7
Let a(h) = h**3 - 6*h**2 - 20*h - 7. What are the prime factors of a(9)?
2, 7
Suppose 3 = -m - 15. Suppose 0 = 2*g - 3*g - 25. Let w = m - g. What are the prime factors of w?
7
Suppose 2*l + 0 - 70 = 0. List the prime factors of l.
5, 7
Let g = 27 + 8. List the prime factors of g.
5, 7
List the prime factors of 60 + (3 - -1)/4.
61
Let r(z) = z + 3. Let j be r(-5). Let k be j/5 + (-34)/(-10). Suppose -k*v - 3*w = 0, -w + 2*w = 3*v - 8. List the prime factors of v.
2
Suppose 25 = 3*z - 2*n, -6 = 2*n - 2. Suppose 8 = g - z. Suppose b = -4*r + 11, 1 = -4*b - r + g. What are the prime factors of b?
3
Let l(g) = -g**3 - 5*g**2 + 9*g + 5. List the prime factors of l(-7).
2, 5
Let r = 612 - 387. Suppose -4*k = k - r. What are the prime factors of (-10)/k + 74/9?
2
List the prime factors of 2070/(-12)*8/(-10).
2, 3, 23
Let s = 1 + -1. Let f(x) = -x. Let y(d) = 1. Let c(j) = -f(j) + 6*y(j). List the prime factors of c(s).
2, 3
Suppose 42*b = 46*b - 568. List the prime factors of b.
2, 71
Let l be (-3)/2*(4 + -6). Suppose -5*y + 9 = g, y + 5*g - 24 = -3*y. Let c = l - y. List the prime factors of c.
2
Let c = 0 + 1. Let s(w) = w - 1. Let g be s(3). What are the prime factors of (c - -1) + -1 + g?
3
Let s(r) = -r**3 + 17*r**2 + 26*r - 56. List the prime factors of s(17).
2, 193
Let q(v) = -v + 6. Let t be q(7). What are the prime factors of ((-2)/3)/(t/18)?
2, 3
Let g = -1 - -1. Suppose 0 = -2*u - g*u + 46. What are the prime factors of u?
23
Suppose 0 = -3*l + 2*b + 2*b + 22, 3*l + 5*b = -14. Suppose -7*r - 20 = -3*r, l*s - 3*r - 27 = 0. Suppose y + s = 15. What are the prime factors of y?
3
Let z be -9 + (2 - 1) - 0. Suppose -15 = -5*g, 27 = -u + 5*g - 5. Let q = z - u. List the prime factors of q.
3
Let s be (-4)/(3/(18/(-8))). List the prime factors of 2/s*(-1 + 13).
2
Suppose 0 = 3*z - a - 70, 7*z - 3*z - 97 = 5*a. What are the prime factors of z?
23
Let l(v) = -4*v**2 - 3*v + 1. Let p(z) = z. Let o(r) = -l(r) - 2*p(r). What are the prime factors of o(-2)?
13
Let j = 10 - 6. Suppose -3*w + 6*w - 56 = j*r, 3*w = -12. Let g = r - -32. List the prime factors of g.
3, 5
Let v(l) = -l**2 - 7*l + 11. Let o be v(-8). Suppose 13 = o*k - 2*k. What are the prime factors of k?
13
Let r(n) = n**2 - 11*n + 30. What are the prime factors of r(18)?
2, 3, 13
Let q = -42 + 14. Let l = q - -74. What are the prime factors of l?
2, 23
Suppose 5*m + 4*y = -0*y + 330, -5*m + y + 330 = 0. What are the prime factors of m?
2, 3, 11
Suppose -g = -0*g. Suppose 3*r - 7*r + 68 = g. List the prime factors of r.
17
Suppose -5*q + 10 = -5*s, -3*q - 3*s = 2*s - 30. What are the prime factors of q?
5
What are the prime factors of (-482)/(-8) - (-12)/16?
61
Let d be ((-3)/9)/(-1)*-9. What are the prime factors of (d + 16/6)*-15?
5
Let y be 4/(-16) + (-15)/(-12). Let u be ((-12)/16)/(y/(-8)). Suppose -u = -2*h + 20. What are the prime factors of h?
13
Let p = 6 + -3. Suppose -p*s = -6*s - 42. What are the prime factors of (1 - 0)*-2 - s?
2, 3
What are the prime factors of 1*6/(-12)*(-158)/1?
79
Let p = 9 - -7. What are the prime factors of p?
2
Suppose 3*q + 3*k = 30, 5*k - 3 + 13 = q. Let t(p) = -p**2 + 12*p + 10. List the prime factors of t(q).
2, 3, 5
Let h = -10 + 15. Let t = h - 10. Let z = t - -8. What are the prime factors of z?
3
Let r(d) = -d**3 + 5*d**2 + 6*d - 4. Let v be r(6). Let g(m) = 4*m**2 + 2*m. Let k be g(1). Let j = v + k. What are the prime factors of j?
2
Let q(s) = -10*s**3 + s + 1. Suppose 3*k + k - 3*r = 29, -3*k - 3*r + 6 = 0. Suppose -5*b + k = 2*p, 4*b + p = -1 + 2. List the prime factors of q(b).
2, 5
Suppose -532 = 4*j - 11*j. List the prime factors of j.
2, 19
Let i(a) = 1 - a + 2*a**2 + 4*a**2 + 3*a**2. List the prime factors of i(-1).
11
Let h = 99 - 62. List the prime factors of h.
37
Let l be 3*12/(-15)*-10. Suppose 0*m + 18 = 3*q + 3*m, 5*q - 5*m = -10. Suppose f - l = -q*f. What are the prime factors of f?
2
Let u = -8 - -17. Let w be (15/u)/5*63. Let g 